{"id":995,"date":"2014-02-21T09:47:27","date_gmt":"2014-02-21T08:47:27","guid":{"rendered":"http:\/\/www.deltaturistic.com\/alquileres\/vehicles\/"},"modified":"2014-08-06T15:52:09","modified_gmt":"2014-08-06T14:52:09","slug":"alquiler-de-vehiculos","status":"publish","type":"page","link":"https:\/\/deltaturistic.com\/es\/alquileres\/alquiler-de-vehiculos\/","title":{"rendered":"Alquiler de veh\u00edculos"},"content":{"rendered":"<h2>Alquiler de veh\u00edculos sin conductor<\/h2>\n<p><img decoding=\"async\" class=\"size-medium wp-image-179 alignright\" src=\"http:\/\/www.deltaturistic.com\/wp-content\/uploads\/2014\/02\/lloguer-cotxes-300x187.jpg\" alt=\"Lloguer cotxes\" width=\"250\" srcset=\"https:\/\/deltaturistic.com\/wp-content\/uploads\/2014\/02\/lloguer-cotxes-300x188.jpg 300w, https:\/\/deltaturistic.com\/wp-content\/uploads\/2014\/02\/lloguer-cotxes.jpg 465w\" sizes=\"(max-width: 300px) 100vw, 300px\" \/><\/p>\n<ul>\n<li>Turismos.<\/li>\n<li>Mono-vol\u00famenes.<\/li>\n<li>4&#215;4.<\/li>\n<li>Furgonetas.<\/li>\n<li>Industriales.<\/li>\n<\/ul>\n<p>Condiciones:<\/p>\n<ul>\n<li>Necesario carnet de conducir B1 con\u00a02 a\u00f1os de experiencia.<\/li>\n<li>Targeta visa, mastercard, eurocard.<\/li>\n<li>DNI o pasaporte.<\/li>\n<li>Posibilidad de depositar\u00a0y recoger\u00a0en sitios\u00a0concretos bajo\u00a0consulta.<\/li>\n<li>Se tienen que devolver con el mismo estado del veh\u00edculo y de comubstible.<\/li>\n<\/ul>\n<p><a title=\"Tarifas alquiler coches\" href=\"http:\/\/www.deltaturistic.com\/wp-content\/uploads\/2014\/02\/tarifes-lloguer-cotxes.pdf\" target=\"_blank\">Tarifas aqluiler coches<\/a><\/p>\n<p>&nbsp;<\/p>\n<p>[ls_button color=\u00bbdefault\u00bb url=\u00bbhttp:\/\/www.deltaturistic.com\/es\/empresa\/contactar\/\u00bb title=\u00bbContactar\u00bb display=\u00bbblock\u00bb]Contactar[\/ls_button]<\/p>\n","protected":false},"excerpt":{"rendered":"<p>Alquiler de veh\u00edculos sin conductor Turismos. Mono-vol\u00famenes. 4&#215;4. Furgonetas. Industriales. Condiciones: Necesario carnet de conducir B1 con\u00a02 a\u00f1os de experiencia. Targeta visa, mastercard, eurocard. DNI o pasaporte. Posibilidad de depositar\u00a0y recoger\u00a0en sitios\u00a0concretos bajo\u00a0consulta. Se tienen que devolver con el mismo estado del veh\u00edculo y de comubstible. Tarifas aqluiler coches &nbsp; [ls_button color=\u00bbdefault\u00bb url=\u00bbhttp:\/\/www.deltaturistic.com\/es\/empresa\/contactar\/\u00bb title=\u00bbContactar\u00bb display=\u00bbblock\u00bb]Contactar[\/ls_button]<\/p>\n","protected":false},"author":2,"featured_media":0,"parent":980,"menu_order":3,"comment_status":"closed","ping_status":"closed","template":"","meta":{"footnotes":""},"class_list":["post-995","page","type-page","status-publish","hentry"],"yoast_head":"<!-- This site is optimized with the Yoast SEO plugin v27.1.1 - https:\/\/yoast.com\/product\/yoast-seo-wordpress\/ -->\n<title>Alquiler de veh\u00edculos al delta del Ebro | Deltaturistic turismo en el delta del Ebro<\/title>\n<meta name=\"description\" content=\"Alquiler de veh\u00edculos sin conductor en el delta del Ebro. Alquiler de turismos, mono-vol\u00famenes, 4x4, furgonetas y veh\u00edculos industriales.\" \/>\n<meta name=\"robots\" content=\"index, follow, max-snippet:-1, max-image-preview:large, max-video-preview:-1\" \/>\n<link rel=\"canonical\" href=\"https:\/\/deltaturistic.com\/es\/alquileres\/alquiler-de-vehiculos\/\" \/>\n<script type=\"application\/ld+json\" class=\"yoast-schema-graph\">{\"@context\":\"https:\/\/schema.org\",\"@graph\":[{\"@type\":\"WebPage\",\"@id\":\"https:\/\/deltaturistic.com\/es\/alquileres\/alquiler-de-vehiculos\/\",\"url\":\"https:\/\/deltaturistic.com\/es\/alquileres\/alquiler-de-vehiculos\/\",\"name\":\"Alquiler de veh\u00edculos al delta del Ebro | Deltaturistic turismo en el delta del Ebro\",\"isPartOf\":{\"@id\":\"https:\/\/deltaturistic.com\/es\/#website\"},\"primaryImageOfPage\":{\"@id\":\"https:\/\/deltaturistic.com\/es\/alquileres\/alquiler-de-vehiculos\/#primaryimage\"},\"image\":{\"@id\":\"https:\/\/deltaturistic.com\/es\/alquileres\/alquiler-de-vehiculos\/#primaryimage\"},\"thumbnailUrl\":\"http:\/\/www.deltaturistic.com\/wp-content\/uploads\/2014\/02\/lloguer-cotxes-300x187.jpg\",\"datePublished\":\"2014-02-21T08:47:27+00:00\",\"dateModified\":\"2014-08-06T14:52:09+00:00\",\"description\":\"Alquiler de veh\u00edculos sin conductor en el delta del Ebro. Alquiler de turismos, mono-vol\u00famenes, 4x4, furgonetas y veh\u00edculos industriales.\",\"breadcrumb\":{\"@id\":\"https:\/\/deltaturistic.com\/es\/alquileres\/alquiler-de-vehiculos\/#breadcrumb\"},\"inLanguage\":\"es\",\"potentialAction\":[{\"@type\":\"ReadAction\",\"target\":[\"https:\/\/deltaturistic.com\/es\/alquileres\/alquiler-de-vehiculos\/\"]}]},{\"@type\":\"ImageObject\",\"inLanguage\":\"es\",\"@id\":\"https:\/\/deltaturistic.com\/es\/alquileres\/alquiler-de-vehiculos\/#primaryimage\",\"url\":\"http:\/\/www.deltaturistic.com\/wp-content\/uploads\/2014\/02\/lloguer-cotxes-300x187.jpg\",\"contentUrl\":\"http:\/\/www.deltaturistic.com\/wp-content\/uploads\/2014\/02\/lloguer-cotxes-300x187.jpg\"},{\"@type\":\"BreadcrumbList\",\"@id\":\"https:\/\/deltaturistic.com\/es\/alquileres\/alquiler-de-vehiculos\/#breadcrumb\",\"itemListElement\":[{\"@type\":\"ListItem\",\"position\":1,\"name\":\"Inici\",\"item\":\"https:\/\/deltaturistic.com\/es\/\"},{\"@type\":\"ListItem\",\"position\":2,\"name\":\"Alquileres\",\"item\":\"https:\/\/deltaturistic.com\/es\/alquileres\/\"},{\"@type\":\"ListItem\",\"position\":3,\"name\":\"Alquiler de veh\u00edculos\"}]},{\"@type\":\"WebSite\",\"@id\":\"https:\/\/deltaturistic.com\/es\/#website\",\"url\":\"https:\/\/deltaturistic.com\/es\/\",\"name\":\"Turismo, excursiones y deportes de aventura en ell delta del Ebro\",\"description\":\"Turismo, excursiones y deportes de aventura en el delta del Ebro. Agencia de Viages Deltaturistic\",\"potentialAction\":[{\"@type\":\"SearchAction\",\"target\":{\"@type\":\"EntryPoint\",\"urlTemplate\":\"https:\/\/deltaturistic.com\/es\/?s={search_term_string}\"},\"query-input\":{\"@type\":\"PropertyValueSpecification\",\"valueRequired\":true,\"valueName\":\"search_term_string\"}}],\"inLanguage\":\"es\"}]}<\/script>\n<!-- \/ Yoast SEO plugin. -->","yoast_head_json":{"title":"Alquiler de veh\u00edculos al delta del Ebro | Deltaturistic turismo en el delta del Ebro","description":"Alquiler de veh\u00edculos sin conductor en el delta del Ebro. Alquiler de turismos, mono-vol\u00famenes, 4x4, furgonetas y veh\u00edculos industriales.","robots":{"index":"index","follow":"follow","max-snippet":"max-snippet:-1","max-image-preview":"max-image-preview:large","max-video-preview":"max-video-preview:-1"},"canonical":"https:\/\/deltaturistic.com\/es\/alquileres\/alquiler-de-vehiculos\/","schema":{"@context":"https:\/\/schema.org","@graph":[{"@type":"WebPage","@id":"https:\/\/deltaturistic.com\/es\/alquileres\/alquiler-de-vehiculos\/","url":"https:\/\/deltaturistic.com\/es\/alquileres\/alquiler-de-vehiculos\/","name":"Alquiler de veh\u00edculos al delta del Ebro | Deltaturistic turismo en el delta del Ebro","isPartOf":{"@id":"https:\/\/deltaturistic.com\/es\/#website"},"primaryImageOfPage":{"@id":"https:\/\/deltaturistic.com\/es\/alquileres\/alquiler-de-vehiculos\/#primaryimage"},"image":{"@id":"https:\/\/deltaturistic.com\/es\/alquileres\/alquiler-de-vehiculos\/#primaryimage"},"thumbnailUrl":"http:\/\/www.deltaturistic.com\/wp-content\/uploads\/2014\/02\/lloguer-cotxes-300x187.jpg","datePublished":"2014-02-21T08:47:27+00:00","dateModified":"2014-08-06T14:52:09+00:00","description":"Alquiler de veh\u00edculos sin conductor en el delta del Ebro. Alquiler de turismos, mono-vol\u00famenes, 4x4, furgonetas y veh\u00edculos industriales.","breadcrumb":{"@id":"https:\/\/deltaturistic.com\/es\/alquileres\/alquiler-de-vehiculos\/#breadcrumb"},"inLanguage":"es","potentialAction":[{"@type":"ReadAction","target":["https:\/\/deltaturistic.com\/es\/alquileres\/alquiler-de-vehiculos\/"]}]},{"@type":"ImageObject","inLanguage":"es","@id":"https:\/\/deltaturistic.com\/es\/alquileres\/alquiler-de-vehiculos\/#primaryimage","url":"http:\/\/www.deltaturistic.com\/wp-content\/uploads\/2014\/02\/lloguer-cotxes-300x187.jpg","contentUrl":"http:\/\/www.deltaturistic.com\/wp-content\/uploads\/2014\/02\/lloguer-cotxes-300x187.jpg"},{"@type":"BreadcrumbList","@id":"https:\/\/deltaturistic.com\/es\/alquileres\/alquiler-de-vehiculos\/#breadcrumb","itemListElement":[{"@type":"ListItem","position":1,"name":"Inici","item":"https:\/\/deltaturistic.com\/es\/"},{"@type":"ListItem","position":2,"name":"Alquileres","item":"https:\/\/deltaturistic.com\/es\/alquileres\/"},{"@type":"ListItem","position":3,"name":"Alquiler de veh\u00edculos"}]},{"@type":"WebSite","@id":"https:\/\/deltaturistic.com\/es\/#website","url":"https:\/\/deltaturistic.com\/es\/","name":"Turismo, excursiones y deportes de aventura en ell delta del Ebro","description":"Turismo, excursiones y deportes de aventura en el delta del Ebro. Agencia de Viages Deltaturistic","potentialAction":[{"@type":"SearchAction","target":{"@type":"EntryPoint","urlTemplate":"https:\/\/deltaturistic.com\/es\/?s={search_term_string}"},"query-input":{"@type":"PropertyValueSpecification","valueRequired":true,"valueName":"search_term_string"}}],"inLanguage":"es"}]}},"_links":{"self":[{"href":"https:\/\/deltaturistic.com\/es\/wp-json\/wp\/v2\/pages\/995","targetHints":{"allow":["GET"]}}],"collection":[{"href":"https:\/\/deltaturistic.com\/es\/wp-json\/wp\/v2\/pages"}],"about":[{"href":"https:\/\/deltaturistic.com\/es\/wp-json\/wp\/v2\/types\/page"}],"author":[{"embeddable":true,"href":"https:\/\/deltaturistic.com\/es\/wp-json\/wp\/v2\/users\/2"}],"replies":[{"embeddable":true,"href":"https:\/\/deltaturistic.com\/es\/wp-json\/wp\/v2\/comments?post=995"}],"version-history":[{"count":4,"href":"https:\/\/deltaturistic.com\/es\/wp-json\/wp\/v2\/pages\/995\/revisions"}],"predecessor-version":[{"id":1891,"href":"https:\/\/deltaturistic.com\/es\/wp-json\/wp\/v2\/pages\/995\/revisions\/1891"}],"up":[{"embeddable":true,"href":"https:\/\/deltaturistic.com\/es\/wp-json\/wp\/v2\/pages\/980"}],"wp:attachment":[{"href":"https:\/\/deltaturistic.com\/es\/wp-json\/wp\/v2\/media?parent=995"}],"curies":[{"name":"wp","href":"https:\/\/api.w.org\/{rel}","templated":true}]}}

Alquiler de vehículos

<h2>Alquiler de vehículos sin conductor</h2>
<p><img decoding="async" class="size-medium wp-image-179 alignright" src="http://www.deltaturistic.com/wp-content/uploads/2014/02/lloguer-cotxes-300x187.jpg" alt="Lloguer cotxes" width="250" srcset="https://deltaturistic.com/wp-content/uploads/2014/02/lloguer-cotxes-300x188.jpg 300w, https://deltaturistic.com/wp-content/uploads/2014/02/lloguer-cotxes.jpg 465w" sizes="(max-width: 300px) 100vw, 300px" /></p>
<ul>
<li>Turismos.</li>
<li>Mono-volúmenes.</li>
<li>4&#215;4.</li>
<li>Furgonetas.</li>
<li>Industriales.</li>
</ul>
<p>Condiciones:</p>
<ul>
<li>Necesario carnet de conducir B1 con 2 años de experiencia.</li>
<li>Targeta visa, mastercard, eurocard.</li>
<li>DNI o pasaporte.</li>
<li>Posibilidad de depositar y recoger en sitios concretos bajo consulta.</li>
<li>Se tienen que devolver con el mismo estado del vehículo y de comubstible.</li>
</ul>
<p><a title="Tarifas alquiler coches" href="http://www.deltaturistic.com/wp-content/uploads/2014/02/tarifes-lloguer-cotxes.pdf" target="_blank">Tarifas aqluiler coches</a></p>
<p>&nbsp;</p>
<p>[ls_button color=»default» url=»http://www.deltaturistic.com/es/empresa/contactar/» title=»Contactar» display=»block»]Contactar[/ls_button]</p>

<p>Alquiler de vehículos sin conductor Turismos. Mono-volúmenes. 4&#215;4. Furgonetas. Industriales. Condiciones: Necesario carnet de conducir B1 con 2 años de experiencia. Targeta visa, mastercard, eurocard. DNI o pasaporte. Posibilidad de depositar y recoger en sitios concretos bajo consulta. Se tienen que devolver con el mismo estado del vehículo y de comubstible. Tarifas aqluiler coches &nbsp; [ls_button color=»default» url=»http://www.deltaturistic.com/es/empresa/contactar/» title=»Contactar» display=»block»]Contactar[/ls_button]</p>

<!-- This site is optimized with the Yoast SEO plugin v27.1.1 - https://yoast.com/product/yoast-seo-wordpress/ -->
<title>Alquiler de vehículos al delta del Ebro | Deltaturistic turismo en el delta del Ebro</title>
<meta name="description" content="Alquiler de vehículos sin conductor en el delta del Ebro. Alquiler de turismos, mono-volúmenes, 4x4, furgonetas y vehículos industriales." />
<meta name="robots" content="index, follow, max-snippet:-1, max-image-preview:large, max-video-preview:-1" />
<link rel="canonical" href="https://deltaturistic.com/es/alquileres/alquiler-de-vehiculos/" />
<script type="application/ld+json" class="yoast-schema-graph">{"@context":"https://schema.org","@graph":[{"@type":"WebPage","@id":"https://deltaturistic.com/es/alquileres/alquiler-de-vehiculos/","url":"https://deltaturistic.com/es/alquileres/alquiler-de-vehiculos/","name":"Alquiler de vehículos al delta del Ebro | Deltaturistic turismo en el delta del Ebro","isPartOf":{"@id":"https://deltaturistic.com/es/#website"},"primaryImageOfPage":{"@id":"https://deltaturistic.com/es/alquileres/alquiler-de-vehiculos/#primaryimage"},"image":{"@id":"https://deltaturistic.com/es/alquileres/alquiler-de-vehiculos/#primaryimage"},"thumbnailUrl":"http://www.deltaturistic.com/wp-content/uploads/2014/02/lloguer-cotxes-300x187.jpg","datePublished":"2014-02-21T08:47:27+00:00","dateModified":"2014-08-06T14:52:09+00:00","description":"Alquiler de vehículos sin conductor en el delta del Ebro. Alquiler de turismos, mono-volúmenes, 4x4, furgonetas y vehículos industriales.","breadcrumb":{"@id":"https://deltaturistic.com/es/alquileres/alquiler-de-vehiculos/#breadcrumb"},"inLanguage":"es","potentialAction":[{"@type":"ReadAction","target":["https://deltaturistic.com/es/alquileres/alquiler-de-vehiculos/"]}]},{"@type":"ImageObject","inLanguage":"es","@id":"https://deltaturistic.com/es/alquileres/alquiler-de-vehiculos/#primaryimage","url":"http://www.deltaturistic.com/wp-content/uploads/2014/02/lloguer-cotxes-300x187.jpg","contentUrl":"http://www.deltaturistic.com/wp-content/uploads/2014/02/lloguer-cotxes-300x187.jpg"},{"@type":"BreadcrumbList","@id":"https://deltaturistic.com/es/alquileres/alquiler-de-vehiculos/#breadcrumb","itemListElement":[{"@type":"ListItem","position":1,"name":"Inici","item":"https://deltaturistic.com/es/"},{"@type":"ListItem","position":2,"name":"Alquileres","item":"https://deltaturistic.com/es/alquileres/"},{"@type":"ListItem","position":3,"name":"Alquiler de vehículos"}]},{"@type":"WebSite","@id":"https://deltaturistic.com/es/#website","url":"https://deltaturistic.com/es/","name":"Turismo, excursiones y deportes de aventura en ell delta del Ebro","description":"Turismo, excursiones y deportes de aventura en el delta del Ebro. Agencia de Viages Deltaturistic","potentialAction":[{"@type":"SearchAction","target":{"@type":"EntryPoint","urlTemplate":"https://deltaturistic.com/es/?s={search_term_string}"},"query-input":{"@type":"PropertyValueSpecification","valueRequired":true,"valueName":"search_term_string"}}],"inLanguage":"es"}]}</script>
<!-- / Yoast SEO plugin. -->

Alquiler de vehículos al delta del Ebro | Deltaturistic turismo en el delta del Ebro

Alquiler de vehículos sin conductor en el delta del Ebro. Alquiler de turismos, mono-volúmenes, 4x4, furgonetas y vehículos industriales.
